{"id":96,"date":"2022-03-02T20:29:14","date_gmt":"2022-03-02T20:29:14","guid":{"rendered":"https:\/\/gruene-jugend-limburg.de\/?page_id=96"},"modified":"2023-07-02T16:15:29","modified_gmt":"2023-07-02T16:15:29","slug":"wir-kaempfen-fuer-unsere-zunkunft","status":"publish","type":"page","link":"https:\/\/gruene-jugend-limburg.de\/","title":{"rendered":"Wir k\u00e4mpfen f\u00fcr unsere Zunkunft!"},"content":{"rendered":"\n<p class=\"has-text-align-center has-white-background-color has-background\" style=\"font-size:24px\"><strong>Wir sind die Gr\u00fcne Jugend Limburg-Weilburg. Gemeinsam mit dir, wollen wir unseren Landkreis zu einem besseren Lebensort f\u00fcr ALLE machen. Gemeinsam mit dir, wollen wir unsere Region und unser Land antifaschistischer, feministischer, europ\u00e4ischer, gr\u00fcner und gerechter machen<\/strong>.<\/p>\n\n\n\n<p class=\"has-text-align-center has-white-background-color has-background\" style=\"font-size:24px\"><strong>Willst du dabei sein?<\/strong><\/p>\n\n\n\n<p class=\"has-text-align-center has-white-background-color has-background\" style=\"font-size:24px\"><strong>Dann melde dich bei uns!<\/strong> <\/p>\n","protected":false},"excerpt":{"rendered":"<p>Wir sind die Gr\u00fcne Jugend Limburg-Weilburg. Gemeinsam mit dir, wollen wir unseren Landkreis zu einem besseren Lebensort f\u00fcr ALLE machen. Gemeinsam mit dir, wollen wir unsere Region und unser Land antifaschistischer, feministischer, europ\u00e4ischer, gr\u00fcner und gerechter machen. Willst du dabei sein? Dann melde dich bei uns!<\/p>\n","protected":false},"author":1,"featured_media":259,"parent":0,"menu_order":0,"comment_status":"closed","ping_status":"closed","template":"","meta":{"footnotes":""},"class_list":["post-96","page","type-page","status-publish","has-post-thumbnail","hentry"],"_links":{"self":[{"href":"https:\/\/gruene-jugend-limburg.de\/index.php?rest_route=\/wp\/v2\/pages\/96","targetHints":{"allow":["GET"]}}],"collection":[{"href":"https:\/\/gruene-jugend-limburg.de\/index.php?rest_route=\/wp\/v2\/pages"}],"about":[{"href":"https:\/\/gruene-jugend-limburg.de\/index.php?rest_route=\/wp\/v2\/types\/page"}],"author":[{"embeddable":true,"href":"https:\/\/gruene-jugend-limburg.de\/index.php?rest_route=\/wp\/v2\/users\/1"}],"replies":[{"embeddable":true,"href":"https:\/\/gruene-jugend-limburg.de\/index.php?rest_route=%2Fwp%2Fv2%2Fcomments&post=96"}],"version-history":[{"count":13,"href":"https:\/\/gruene-jugend-limburg.de\/index.php?rest_route=\/wp\/v2\/pages\/96\/revisions"}],"predecessor-version":[{"id":241,"href":"https:\/\/gruene-jugend-limburg.de\/index.php?rest_route=\/wp\/v2\/pages\/96\/revisions\/241"}],"wp:featuredmedia":[{"embeddable":true,"href":"https:\/\/gruene-jugend-limburg.de\/index.php?rest_route=\/wp\/v2\/media\/259"}],"wp:attachment":[{"href":"https:\/\/gruene-jugend-limburg.de\/index.php?rest_route=%2Fwp%2Fv2%2Fmedia&parent=96"}],"curies":[{"name":"wp","href":"https:\/\/api.w.org\/{rel}","templated":true}]}}